{"id":195,"date":"2011-03-22T08:49:34","date_gmt":"2011-03-22T08:49:34","guid":{"rendered":"http:\/\/angelservice-jubelt.de\/?page_id=195"},"modified":"2018-10-29T15:23:42","modified_gmt":"2018-10-29T15:23:42","slug":"lachs-meerforelle","status":"publish","type":"page","link":"http:\/\/angelservice-jubelt.de\/?page_id=195","title":{"rendered":"Trollingtouren auf Lachs \/ Meerforelle"},"content":{"rendered":"<h3>Trolling&nbsp;auf Lachs\/Meerforelle bzw. <span style=\"color: #000000;\">Wurftouren auf Meerforelle<\/span><\/h3>\n<p>Die Schlepptouren\/ Trollingtouren finden&nbsp;vor R\u00fcgen statt. Unsere Starth\u00e4fen sind&nbsp;Schaprode und Glowe. R\u00fcgen hat sich in den letzten Jahren zum absoluten top Lachsrevier gemausert. Die Saison beginnt am 15.12. und&nbsp;endet im Mai. Die Chancen auf Lachs- oder Meerforellenkontakte sind zu dieser Zeit au\u00dferordentlich hoch. Lachsangeln vor R\u00fcgen ist ein echtes Erlebnis! Schaut Euch die <a title=\"Lachs-Meerforelle\" href=\"http:\/\/angelservice-jubelt.de\/?page_id=110\" target=\"_blank\" rel=\"noopener\">Bildergalerien (M\u00e4rz\/April) der letzten Jahre<\/a> an um Euch ein Bild zu machen was m\u00f6glich ist. Oder auch hier ein spannendes <a title=\"Bissclip-Angeln-Ruegen-Lachs\" href=\"http:\/\/www.bissclips.tv\/rute-und-rolle\/meeresangeln\/es-rummst-vor-ruegen-3187.html\" target=\"_blank\" rel=\"noopener\">Video von Bissclips.<\/a><br \/>\n<a href=\"http:\/\/angelservice-jubelt.de\/wp-content\/uploads\/2011\/03\/Lachs-Guiding-Ruegen.jpg\" data-rel=\"lightbox-image-0\" data-rl_title=\"\" data-rl_caption=\"\"><img decoding=\"async\" loading=\"lazy\" class=\"alignleft size-full wp-image-4997\" title=\"\" src=\"http:\/\/angelservice-jubelt.de\/wp-content\/uploads\/2011\/03\/Lachs-Guiding-Ruegen.jpg\" alt=\"\" width=\"250\" height=\"168\"><\/a>Die Dauer der Touren liegt bei etwa 9 bis 10 Stunden. Bei den Schlepptouren auf Lachs und Meerforelle sind alle Ger\u00e4tschaften im Preis inbegriffen. Unsere Ger\u00e4tschaften sind optimal auf Lachs und Meerforelle abgestimmt. Bei schlechter Witterung finden Ausweichtouren statt (wenn der Wind es zu l\u00e4sst). Hief\u00fcr sollten Sie Ger\u00e4tschaft zum Spinnfischen f\u00fcr\u00b4s Meerforellen- oder- Dorschfischen mit bringen.<\/p>\n<p>Ideal sind 2-3 Personen an Bord, maximal 4 Personen (R\u00fcgenperle und Captain Future) sind m\u00f6glich.<\/p>\n<p>Das Ger\u00e4t zum Lachstrolling haben wir komplett an Bord und ist im Mietpreis inbegriffen.<\/p>\n<p>Ruten: Team Daiwa &#8222;Interlin Downriggerruten&#8220; 12-20 lbs oder &nbsp;Baltic Trolling Inliner von Rhino<\/p>\n<p>Rollen: Penn 321 GTI Linkshand, ABU 7001 Linkshand bzw. WFT DEEP 12W Water<\/p>\n<p><img decoding=\"async\" loading=\"lazy\" class=\"alignleft size-full wp-image-197\" title=\"Lachskoder\" src=\"http:\/\/angelservice-jubelt.de\/wp-content\/uploads\/2011\/03\/Lachskoder.jpg\" alt=\"\" width=\"250\" height=\"166\">Schnur: Cormoran- &#8222;Sea Power &#8222;in St\u00e4rke 0.40mm<\/p>\n<p>Vorfach: Corntest &#8222;Fluorocarbon&#8220; in St\u00e4rke 0,40mm<\/p>\n<p>K\u00f6der: verschiedene Schleppl\u00f6ffel und Schleppk\u00f6der wie &#8222;Rhino Lax Spoon&#8220;, &#8222;Grizzly Spoon&#8220;, &#8222;Apex&#8220;, &#8222;Jack Rapid&#8220;, &#8222;Northern King&#8220;, &#8222;Ismo Magnum&#8220; usw.<\/p>\n<p><span style=\"color: #0000ff;\">Achtung!<\/span> Bei zu starken Winden, wo die Schlepptouren auf der offenen Ostsee nicht m\u00f6glich sind, werden Ausweichtouren stattfinden.<\/p>\n<p>Entweder werden wir Wurftouren vom Boot aus auf Meerforelle oder Dorsch unternehmen, oder wir weichen auf das Watfischen auf Meerforelle aus. Die Preise werden dann angeglichen!<\/p>\n<p>Die Schlepptouren finden auf R\u00fcgen statt. Schwerpunkt ist der Zeitraum 15.12 bis Mitte Mai. Die Preise Trolling\/Schleppfischen: Schleppfischen auf Lachs oder Meerforelle entnehmen Sie bitte der <a title=\"Preise Guiding\" href=\"http:\/\/angelservice-jubelt.de\/?page_id=136\">Preisliste<\/a>.<\/p>\n<h3>Angelkarten, Touristenfischereischein<\/h3>\n<p>F\u00fcr die Boddengew\u00e4sser und der Ostsee vor R\u00fcgen ben\u00f6tigen sie eine Angelkarte f\u00fcr die K\u00fcstengew\u00e4sser MV. Um die K\u00fcstenangelkarte zu bekommen, ben\u00f6tigen Sie entweder einen g\u00fcltigen Fischereischein oder einen Touristenfischereischein (24 \u20ac &#8211; f\u00fcr 28 Tage g\u00fcltig).<\/p>\n<p>Den Touristenfischereischen k\u00f6nnen Sie vor Ihrem geplanten Urlaub bestellen.<\/p>\n<p><a href=\"ftp:\/\/v107200@angelservice-jubelt.de\/wp-content\/uploads\/2011\/03\/touristen-angelschein.pdf\">Hier der Antrag<\/a> (Pdf-Format zum ausdrucken).<\/p>\n<p>Schicken Sie den Antrag und eine Kopie Ihres Ausweises an das:<\/p>\n<ul>\n<li>Landesamt f\u00fcr Landwirtschaft, Lebensmittelsicherheit und Fischerei MV<\/li>\n<li>Abt. Fischerei und Fischwirtschaft<\/li>\n<li>Thierfelderstr. 18<\/li>\n<li>18059 Rostock<\/li>\n<li>PF 102064<\/li>\n<li>18003 Rostock<\/li>\n<li>Tel.: 0381-4035-0 Fax: 0381-4035-730<\/li>\n<\/ul>\n<p>Sie bekommen eine Rechnung (20\u20ac) sowie den Touristenangelschein zu geschickt. Danach k\u00f6nnen Sie die passende K\u00fcstenangelkarte erwerben und los legen (satt angeln).<\/p>\n<p>Diese Angelkate kostet 6 \u20ac\/Tag, 12 \u20ac\/Woche oder 30 \u20ac pro Jahr.<\/p>\n<p><span style=\"color: #0000ff;\"><strong>Seit 2012<\/strong><\/span> : Angelkarten f\u00fcr die K\u00fcstengew\u00e4sser MV gibt es hier <strong>(<a href=\"https:\/\/erlaubnis.angeln-mv.de\/\">https:\/\/erlaubnis.angeln-mv.de\/<\/a>). <\/strong>Ansonsten&nbsp;fragen Sie einfach in Ihrem Angelladen vor Ort nach.<\/p>\n<p>Auf R\u00fcgen bekommen Sie nat\u00fcrlich diese Angelkarte an jedem Hafen (Hafenmeisterei) oder den ans\u00e4ssigen Angelgesch\u00e4ften in Prora, Bergen, Stralsund.<\/p>\n<p><a title=\"Unterk\u00fcnfte R\u00fcgen-Angeln-Bodden\" href=\"http:\/\/angelservice-jubelt.de\/?page_id=3647\" target=\"_blank\" rel=\"noopener\">Unterk\u00fcnfte<\/a> gibt es f\u00fcr ca. <span style=\"color: #008000;\">18\u20ac &#8211; 30\u20ac\/Nacht<\/span>&nbsp;und Person (je nach Jahreszeit und Bed\u00fcrfnisse wie EZ\/DZ\/ Ferienwohnung und Fr\u00fchst\u00fcck). Bitte buchen Sie die Unterk\u00fcnfte selbst. So vermeiden wir Fehler oder \u00c4nderungen bei der Buchung. <a title=\"Angeln-Ruegen-Unterk\u00fcnfte\" href=\"http:\/\/angelservice-jubelt.de\/?page_id=3647\" target=\"_blank\" rel=\"noopener\">Hier die Unterk\u00fcnfte<\/a><\/p>\n","protected":false},"excerpt":{"rendered":"<p>Trolling&nbsp;auf Lachs\/Meerforelle bzw. Wurftouren auf Meerforelle Die Schlepptouren\/ Trollingtouren finden&nbsp;vor R\u00fcgen statt. Unsere Starth\u00e4fen sind&nbsp;Schaprode und Glowe. R\u00fcgen hat sich in den letzten Jahren zum absoluten top Lachsrevier gemausert. Die Saison beginnt am 15.12. und&nbsp;endet im Mai. Die Chancen auf &hellip; <a href=\"http:\/\/angelservice-jubelt.de\/?page_id=195\">Weiterlesen <span class=\"meta-nav\">&rarr;<\/span><\/a><\/p>\n","protected":false},"author":1,"featured_media":0,"parent":0,"menu_order":0,"comment_status":"open","ping_status":"closed","template":"","meta":[],"_links":{"self":[{"href":"http:\/\/angelservice-jubelt.de\/index.php?rest_route=\/wp\/v2\/pages\/195"}],"collection":[{"href":"http:\/\/angelservice-jubelt.de\/index.php?rest_route=\/wp\/v2\/pages"}],"about":[{"href":"http:\/\/angelservice-jubelt.de\/index.php?rest_route=\/wp\/v2\/types\/page"}],"author":[{"embeddable":true,"href":"http:\/\/angelservice-jubelt.de\/index.php?rest_route=\/wp\/v2\/users\/1"}],"replies":[{"embeddable":true,"href":"http:\/\/angelservice-jubelt.de\/index.php?rest_route=%2Fwp%2Fv2%2Fcomments&post=195"}],"version-history":[{"count":25,"href":"http:\/\/angelservice-jubelt.de\/index.php?rest_route=\/wp\/v2\/pages\/195\/revisions"}],"predecessor-version":[{"id":8078,"href":"http:\/\/angelservice-jubelt.de\/index.php?rest_route=\/wp\/v2\/pages\/195\/revisions\/8078"}],"wp:attachment":[{"href":"http:\/\/angelservice-jubelt.de\/index.php?rest_route=%2Fwp%2Fv2%2Fmedia&parent=195"}],"curies":[{"name":"wp","href":"https:\/\/api.w.org\/{rel}","templated":true}]}}