{"id":110,"date":"2011-03-21T14:21:20","date_gmt":"2011-03-21T14:21:20","guid":{"rendered":"http:\/\/angelservice-jubelt.de\/?page_id=110"},"modified":"2023-11-14T16:16:22","modified_gmt":"2023-11-14T16:16:22","slug":"fotogalerie","status":"publish","type":"page","link":"http:\/\/angelservice-jubelt.de\/?page_id=110","title":{"rendered":"Fotogalerie"},"content":{"rendered":"<h3>Nicht alle Galerien sind verf\u00fcgbar. Bei einer Serverumstellung sind Bilder abhanden gekommen. Ich arbeite dran.<\/h3>\n<h4>Die Fotogalerie wird in unregelm\u00e4\u00dfigen Abst\u00e4nden aktualisiert &#8230;<\/h4>\n<h3>Guiding:<\/h3>\n<h4>\u00a0<a title=\"Fotos \u2013 Guiding \u2013 2013\" href=\"http:\/\/angelservice-jubelt.de\/?page_id=2520\" target=\"_blank\" rel=\"noopener\">2013<\/a>&#8211; <a title=\"Fotos-Guiding-2014\" href=\"http:\/\/angelservice-jubelt.de\/?page_id=3504\" target=\"_blank\" rel=\"noopener\">2014<\/a>\u00a0&#8211; <a title=\"Fotos-Guiding-2015\" href=\"http:\/\/angelservice-jubelt.de\/?page_id=4405\" target=\"_blank\" rel=\"noopener\">2015<\/a>\u00a0&#8211;\u00a0<a title=\"Galerie-2016\" href=\"http:\/\/angelservice-jubelt.de\/?page_id=5726\" target=\"_blank\" rel=\"noopener\">2016<\/a>\u00a0&#8211;<span style=\"color: #000000;\"> <a style=\"color: #000000;\" title=\"Angeln-Ruegen\" href=\"http:\/\/angelservice-jubelt.de\/?page_id=6747\" target=\"_blank\" rel=\"noopener\">2017<\/a>&#8211; <a style=\"color: #000000;\" href=\"http:\/\/angelservice-jubelt.de\/?page_id=7569\" target=\"_blank\" rel=\"noopener\">2018<\/a>\u00a0&#8211; <\/span><a href=\"http:\/\/angelservice-jubelt.de\/?page_id=8908\" target=\"_blank\" rel=\"noopener\"><span style=\"color: #3366ff;\"><span style=\"color: #000000;\">2019<\/span>&#8211;<\/span><\/a><span style=\"color: #3366ff;\"> 2020-<\/span><\/h4>\n<h4><\/h4>\n<h4><a title=\"Februar \" href=\"http:\/\/angelservice-jubelt.de\/?page_id=622\" target=\"_blank\" rel=\"noopener\">2012<\/a>&#8211; <a title=\"Fotos \u2013 Guiding \u2013 2011\" href=\"http:\/\/angelservice-jubelt.de\/?page_id=90\" target=\"_blank\" rel=\"noopener\">2011<\/a> &#8211; <a title=\"Fotos \u2013 Guiding \u2013 2010\" href=\"http:\/\/angelservice-jubelt.de\/?page_id=87\" target=\"_blank\" rel=\"noopener\">2010<\/a> &#8211; <a title=\"Fotos \u2013 Guiding \u2013 2009\" href=\"http:\/\/angelservice-jubelt.de\/?page_id=83\" target=\"_blank\" rel=\"noopener\">2009<\/a> &#8211; <a title=\"Fotos \u2013 Guiding \u2013 2008\" href=\"http:\/\/angelservice-jubelt.de\/?page_id=79\" target=\"_blank\" rel=\"noopener\">2008<\/a> &#8211; <a title=\"Fotos \u2013 Guiding \u2013 2007\" href=\"http:\/\/angelservice-jubelt.de\/?page_id=76\" target=\"_blank\" rel=\"noopener\">2007<\/a> &#8211; <a title=\"Fotos \u2013 Guiding \u2013 2006\" href=\"http:\/\/angelservice-jubelt.de\/?page_id=71\" target=\"_blank\" rel=\"noopener\">2006<\/a> &#8211; <a title=\"Fotos \u2013 Guiding \u2013 2005\" href=\"http:\/\/angelservice-jubelt.de\/?page_id=61\" target=\"_blank\" rel=\"noopener\">2005<\/a><\/h4>\n<h3>Angelservice Jubelt &#8211; Fox Rage:<\/h3>\n<h4><a title=\"Angelservice-Jubelt-Touren\" href=\"http:\/\/angelservice-jubelt.de\/?page_id=5723\" target=\"_blank\" rel=\"noopener\">2016<\/a><\/h4>\n<h3><span style=\"color: #000000;\">Freunde:<\/span><\/h3>\n<h4><a title=\"Fotos \u2013 Freunde \u2013 Carsten Pahl\" href=\"http:\/\/angelservice-jubelt.de\/?page_id=93\">Carsten Pahl<\/a> &#8211; <a title=\"Fotos \u2013 Freunde \u2013 Michael Kadner\" href=\"http:\/\/angelservice-jubelt.de\/?page_id=97\">Michael Kadner<\/a> &#8211; <a title=\"Fotos \u2013 Freunde \u2013 Pike Patrol Team\" href=\"http:\/\/angelservice-jubelt.de\/?page_id=100\">Pike Patrol Team<\/a><\/h4>\n<h3><span style=\"font-size: medium; line-height: 1.5em; color: #000000;\">\u00c4ltere eigene Fotos:<\/span><\/h3>\n<h4><a title=\"Eigene Grassfische\" href=\"http:\/\/angelservice-jubelt.de\/?page_id=108\" target=\"_blank\" rel=\"noopener\">Raubfische\u00a0und Karpfen<\/a><\/h4>\n","protected":false},"excerpt":{"rendered":"<p>Nicht alle Galerien sind verf\u00fcgbar. Bei einer Serverumstellung sind Bilder abhanden gekommen. Ich arbeite dran. Die Fotogalerie wird in unregelm\u00e4\u00dfigen Abst\u00e4nden aktualisiert &#8230; Guiding: \u00a02013&#8211; 2014\u00a0&#8211; 2015\u00a0&#8211;\u00a02016\u00a0&#8211; 2017&#8211; 2018\u00a0&#8211; 2019&#8211; 2020- 2012&#8211; 2011 &#8211; 2010 &#8211; 2009 &#8211; 2008 &#8211; &hellip; <a href=\"http:\/\/angelservice-jubelt.de\/?page_id=110\">Weiterlesen <span class=\"meta-nav\">&rarr;<\/span><\/a><\/p>\n","protected":false},"author":1,"featured_media":0,"parent":0,"menu_order":0,"comment_status":"open","ping_status":"open","template":"","meta":[],"_links":{"self":[{"href":"http:\/\/angelservice-jubelt.de\/index.php?rest_route=\/wp\/v2\/pages\/110"}],"collection":[{"href":"http:\/\/angelservice-jubelt.de\/index.php?rest_route=\/wp\/v2\/pages"}],"about":[{"href":"http:\/\/angelservice-jubelt.de\/index.php?rest_route=\/wp\/v2\/types\/page"}],"author":[{"embeddable":true,"href":"http:\/\/angelservice-jubelt.de\/index.php?rest_route=\/wp\/v2\/users\/1"}],"replies":[{"embeddable":true,"href":"http:\/\/angelservice-jubelt.de\/index.php?rest_route=%2Fwp%2Fv2%2Fcomments&post=110"}],"version-history":[{"count":36,"href":"http:\/\/angelservice-jubelt.de\/index.php?rest_route=\/wp\/v2\/pages\/110\/revisions"}],"predecessor-version":[{"id":11501,"href":"http:\/\/angelservice-jubelt.de\/index.php?rest_route=\/wp\/v2\/pages\/110\/revisions\/11501"}],"wp:attachment":[{"href":"http:\/\/angelservice-jubelt.de\/index.php?rest_route=%2Fwp%2Fv2%2Fmedia&parent=110"}],"curies":[{"name":"wp","href":"https:\/\/api.w.org\/{rel}","templated":true}]}}